 highest common divisor of j and t.
6
Let p be (-4)/6 + (-17150)/(-21) + -3. Suppose 197 = -8*l + p. Let u be -3*(-4)/(-6) - -13. What is the greatest common factor of u and l?
11
Suppose -5*m = 2 + 3. Suppose 0 = -4*j, 6*t - t - 3*j = 150. Let z be (-3)/m + t + 3. Calculate the greatest common divisor of 18 and z.
18
Let n be 308/8 + 4/8. Suppose 0 = -4*f - n - 65. Let a be (-472)/f - 8/52. Calculate the highest common factor of a and 2.
2
Let r(k) = k + 12. Let u be r(0). Suppose 17 = -11*d + u*d. What is the greatest common divisor of d and 119?
17
Let m(y) = 22*y**2 - y + 1. Let f be m(-3). Let i be 0 + 234/(2 + 0). Let z = f - i. Calculate the greatest common divisor of 34 and z.
17
Suppose -6*f = -10*f + 468. Let n(q) = -3*q**3 + 31*q**2 - 8*q - 7. Let u be n(10). Calculate the highest common factor of u and f.
13
Let t(q) = q**2 - 27*q - 56. Let l be t(29). Suppose -4*x - 15 = -5*h - 6, 1 = 4*x - 3*h. Calculate the greatest common factor of x and l.
2
Let p(n) = n**3 - n. Let u(z) = -7*z**3 + 7*z**2 + 2*z - 2. Let h(k) = 6*p(k) + u(k). Let s be h(5). Calculate the highest common divisor of s and 7.
7
Suppose 111 = 3*a + 6*t - 5*t, -3*t - 135 = -4*a. Calculate the greatest common divisor of 8 and a.
4
Suppose 220 = 736*i - 716*i. Calculate the highest common divisor of 10 and i.
1
Let u(g) = 12*g - 7. Let m be u(2). Suppose 0 = -c - 2*f + m, -2*c = 2*c - 5*f - 16. What is the greatest common factor of c and 36?
9
Suppose 4*d - 16 = 5*w, 3*d = 8*d - 4*w - 29. What is the highest common factor of d and 2529?
9
Let o be (-220)/(-1 - -5)*-25. Suppose 0 = 3*z + 3*q - o + 409, 2*q = 4*z - 1276. Calculate the greatest common divisor of z and 32.
32
Suppose 2*t - 2*o = 14, 2*o + 26 = -t + 6*t. Suppose 219 = t*v - v - 3*x, -3*x - 289 = -4*v. Calculate the greatest common divisor of 14 and v.
14
Let m = -45 + 73. Calculate the greatest common factor of 126 and m.
14
Let l(a) = -4*a**2 + 2*a + 4. Let g be l(4). Let j be 24/4*g/(-8). What is the greatest common divisor of j and 3?
3
Suppose 0 = -5*h - 4*o + 622, -o = -11*h + 15*h - 502. Suppose -w + 8*w - h = 0. Calculate the highest common factor of 36 and w.
18
Let o(k) = 36*k - 132. Let x be o(4). Let d = 7 - 5. Suppose 54 = t + d*t. Calculate the greatest common factor of x and t.
6
Let n(z) = 18*z + 12. Let t be n(-6). Let w = -70 - t. Calculate the greatest common factor of w and 13.
13
Let c = 25 + -19. Suppose 0*j - 132 = -c*j. Let t = 34 - j. Calculate the highest common factor of t and 60.
12
Suppose 6*g - 100 = 4*g. Calculate the highest common divisor of g and 800.
50
Let g(v) = -v**2 - 53*v - 174. Let x be g(-44). What is the greatest common divisor of 6 and x?
6
Let w(i) = 2*i + 21. Let j be w(-8). Calculate the greatest common divisor of j and 115.
5
Let i = -3 + 11. Let a(t) = -t + 11. Let o be a(i). Calculate the greatest common factor of 24 and o.
3
Let y = -3 - 2. Let t(o) be the second derivative of -o**3/6 + 3*o**2/2 + 47*o + 1. Let j be t(y). Calculate the highest common divisor of j and 8.
8
Let l(v) = -80*v**3 + v**2 - 4*v - 4. Let f be l(-2). Calculate the highest common factor of f and 24.
24
Suppose 2*p + 0*p = -4, 0 = 5*r - 2*p - 14. Suppose 0 = -3*v - 2*k + 47, 3*v - 35 = -k + r*k. Calculate the highest common factor of v and 13.
13
Let c be 18*1*(-4 - -3). Let i be (3/9)/((-2)/c). Suppose 32 = w + 5*t, i*t = 5*w - 0*t - 48. What is the highest common factor of w and 132?
12
Let m(v) = v**2 - 4*v - 53. Let k be m(0). Let w = k - -333. Calculate the highest common factor of w and 35.
35
Let q = -4 + 5. Let y be (-33)/(-6)*-1*-8. Suppose y + 22 = 6*p. Calculate the highest common factor of p and q.
1
Let t be (4 - -1 - 6)*(-2 + 1). What is the greatest common factor of 27 and t?
1
Let m be (-4)/(5/(25/(-10))). Suppose 6*w + 0*w = 132. Calculate the highest common divisor of w and m.
2
Let h(l) = 3*l**2 + 13*l + 53. Let v be h(-5). Calculate the highest common divisor of v and 378.
63
Suppose -b = -3*r + 30, 2*r - b + 3*b = 20. Let a be (44 + -14)*1/3. What is the greatest common factor of r and a?
10
Suppose -4 = 9*v - 11*v. Calculate the highest common factor of v and 48.
2
Let q(w) = 2*w**2 + w - 16. Let i be q(4). Let a = i + -6. What is the highest common factor of 126 and a?
14
Let x = 2494 - 2424. Suppose 2*r = 7*r - 210. What is the greatest common factor of r and x?
14
Let z(j) = 2*j**3 - 7*j + 7. Let y = 49 + -47. Let r be z(y). Calculate the highest common factor of 9 and r.
9
Let p be 2/(-7) - (-1602)/21. Let r = 33 + -32. Let c be (57*(0/r - 2))/(-1). Calculate the greatest common divisor of p and c.
38
Let v = -11 + 14. Suppose 6 = v*r + g, r + 6 = 5*r + 2*g. Suppose -f = r*f - 532. What is the greatest common divisor of f and 19?
19
Suppose 7*n + 22*n = 4495. What is the greatest common divisor of 62 and n?
31
Let v be (-1)/((-3)/3 + 52/56). What is the highest common divisor of 378 and v?
14
Suppose 1 = i, -4*g + 2*i = -5*g + 149. Calculate the highest common factor of 539 and g.
49
Let a(p) = -p**3 - 45*p**2 - 8*p - 1. Let z be a(-46). What is the greatest common factor of z and 13?
13
Let i = 1622 + -1598. Calculate the greatest common factor of 1416 and i.
24
Suppose -2*p = 3*p - 320. Suppose 2*y = 2 + 30. What is the highest common factor of y and p?
16
Let g = -269 + 332. Calculate the greatest common factor of 9 and g.
9
Suppose -2*s - 110 + 182 = 0. Calculate the greatest common factor of 288 and s.
36
Suppose 3*k + 2*k + h - 235 = 0, 0 = -2*k - 4*h + 112. Let a = k + -40. What is the greatest common divisor of a and 4?
2
Let q(g) = -7*g - 7. Let c be q(-26). What is the greatest common divisor of 325 and c?
25
Suppose -3*s + 5*h - 3 = 8, 0 = -3*s - 2*h - 4. Let d be (83 + -5)*s/(-3). Let c be (-1 + -5)/((-39)/d). Calculate the greatest common divisor of 64 and c.
8
Let k be 9 + -2 + 522 - -11. What is the greatest common factor of 96 and k?
12
Let v = 1204 - 1199. Let u(b) = b**3 + 9*b**2 - b - 2. Let x be u(-8). What is the highest common factor of x and v?
5
Suppose 7*q - 1456 = -6*q. Calculate the highest common factor of q and 1288.
56
Let w be 39/(-52) - (-182)/8. What is the highest common factor of 6 and w?
2
Suppose 5046 = -3*u + 5109. What is the highest common factor of 399 and u?
21
Let q(n) be the first derivative of -n**4 - n - 6. Let h be q(-1). Suppose h*z - 3*m = 5*z - 3, 2*z = -m + 9. Calculate the greatest common factor of z and 6.
6
Let z = -37 + 23. Let n(t) = -10*t + 14*t**2 + 16 + t**3 + 4*t + 0*t**3. Let f be n(z). What is the highest common factor of 20 and f?
20
Let v = -653 + 699. Calculate the greatest common divisor of v and 115.
23
Let g be 2 - 2*6/(-4). Suppose -151 - 49 = -g*i. What is the greatest common factor of i and 8?
8
Let q = 34 - 20. Let d = 25 - q. Calculate the greatest common factor of 55 and d.
11
Suppose h = 3*h - d - 40, 3*h - 2*d = 58. Suppose 23*z + 16 = 31*z. What is the highest common divisor of z and h?
2
Let z(m) = m**3 + 9*m**2 + 8*m + 12. Let n be z(-8). Let j be 7*(-4)/n*-36. Let v = j - 49. What is the highest common divisor of 7 and v?
7
Suppose -12 = -z + o, 3*z = -z + 5*o + 53. Calculate the highest common factor of z and 273.
7
Let t = 1 + -2. Let k be (-184)/(-2) + t + 0. Let r(i) = -i**2 - 16*i + 49. Let f be r(-18). What is the greatest common factor of f and k?
13
Let v(y) = -2*y**3 - 33*y**2 + 42*y + 9. Let t be v(-18). What is the highest common divisor of t and 9?
9
Let z(a) = 16*a**2 - 12*a + 14. Let x be z(1). What is the greatest common divisor of x and 333?
9
Let o(x) = -2*x**3 + 19*x**2 + 38*x - 29. Let y be o(11). What is the highest common factor of 416 and y?
26
Let j be (-2)/10 - 272/(-10). Calculate the greatest common factor of 63 and j.
9
Let w = -112 - -108. Let d be -2 + (-3 - 2)*w. Calculate the greatest common factor of d and 36.
18
Let r = -63 - -54. Let v(c) = -c**2 - 7*c + 36. Let x be v(r). Calculate the highest common factor of 162 and x.
18
Let x(n) = n**3 + 15*n**2 - 17*n - 4. Suppose -4*o + 44 = -2*q, o = 5*q - 0*o + 83. Let i be x(q). What is the highest common factor of i and 30?
6
Suppose -4*z + 80 = z. Suppose 3*t - 32*a - 385 = -31*a, -3*t + 2*a = -386. Calculate the highest common divisor of t and z.
16
Let f be (-1*(-88)/(-6))/((-348)/522). What is 